 Give p(-6).
-20
Let n(f) = -642*f + 14131. Calculate n(22).
7
Let n(p) = 649*p + 665. Determine n(-1).
16
Let y(i) = 82*i + 809. Give y(-10).
-11
Let j(c) = 44*c - 1981. What is j(45)?
-1
Let c(v) = v**3 + 215*v**2 - 1548*v + 1318. What is c(-222)?
-14
Let i(w) = -404*w - 2810. Calculate i(-7).
18
Let f(j) = -2*j**2 + 53*j - 113. What is f(27)?
-140
Let z(r) = 14*r + 158. What is z(-11)?
4
Let y(k) = 20*k - 608. Determine y(28).
-48
Let u(b) = -8*b**3 + 161*b**2 - 19*b + 23. Determine u(20).
43
Let x(f) = f**3 + 27*f**2 + 29*f - 33. Determine x(-26).
-111
Let m(i) = -40*i**2 - 2*i + 14. What is m(-3)?
-340
Let g(u) = -2*u**3 - 10*u**2 - 600*u - 2360. What is g(-4)?
8
Let c(x) = 3*x**2 + 34*x + 21. What is c(-10)?
-19
Let l(o) = -13*o**3 + 77*o**2 + 16*o - 17. Give l(6).
43
Let k(r) = 5*r**3 - 104*r**2 - 17*r - 10. Give k(21).
74
Let b(x) = -4*x**2 - 117*x + 1351. Give b(-38).
21
Let v(z) = -z**3 + 6*z**2 - 6*z + 45. Determine v(9).
-252
Let q(r) = -2*r**3 - 34*r**2 - 3*r - 47. Give q(-17).
4
Let a(h) = -245*h + 959. Give a(4).
-21
Let b(h) = h**2 + 32*h + 220. Calculate b(-23).
13
Let n(m) = 201*m - 22105. Calculate n(110).
5
Let x(u) = -6*u**2 + 323*u + 126. What is x(54)?
72
Let w(d) = -d**3 + 11*d**2 + 41*d - 31. Calculate w(13).
164
Let a(o) = -5*o**3 + 7*o**2 + 3*o - 35. Give a(5).
-470
Let k(u) = u**2 + 22*u - 241. Calculate k(-30).
-1
Let g(b) = -4*b**3 + 123*b**2 - 83*b - 214. Determine g(30).
-4
Let j(p) = -4*p**2 + 176*p - 1922. Calculate j(21).
10
Let z(j) = 2*j**3 - 55*j**2 - 32*j + 85. What is z(28)?
-27
Let o(p) = p**3 - 110*p**2 - 344*p - 18. Determine o(-3).
-3
Let i(y) = -y**3 - y**2 + y + 20. Determine i(4).
-56
Let z(k) = -k**3 - 16*k**2 - 22*k + 173. Give z(-14).
89
Let s(q) = -1730*q + 2. Determine s(0).
2
Let s(o) = -4*o**2 - 41*o - 26. Determine s(-10).
-16
Let t(m) = 8*m - 169. Calculate t(10).
-89
Let g(i) = -70*i**2 + 286*i + 7. Calculate g(5).
-313
Let f(s) = -2*s**2 - 267*s - 4726. Calculate f(-21).
-1
Let v(f) = f**2 + 27*f + 63. What is v(-25)?
13
Let g(y) = -7*y**2 - 93*y + 19. What is g(-13)?
45
Let x(z) = 66*z - 7100. Determine x(108).
28
Let m(s) = s**3 + 50*s**2 - 221*s - 36. What is m(-54)?
234
Let v(s) = -1317*s + 23708. Give v(18).
2
Let o(f) = f**3 + 16*f**2 + 28. Give o(-16).
28
Let m(n) = 54*n**2 - 325*n + 21. Calculate m(6).
15
Let w(x) = -4*x**3 + 20*x**2 + 34*x - 154. Calculate w(5).
16
Let y(i) = -i**3 + 236*i**2 + 1704*i - 713. What is y(243)?
16
Let g(t) = 5*t + 120. Calculate g(3).
135
Let y(w) = 5*w**2 - 40*w - 76. What is y(9)?
-31
Let b(h) = -h**2 + 89*h + 1795. Calculate b(-17).
-7
Let d(o) = -o**3 + 28*o**2 + 14*o - 42. Determine d(0).
-42
Let r(d) = d**3 - 15*d**2 - 40*d - 26. What is r(17)?
-128
Let g(k) = 24*k + 884. What is g(-38)?
-28
Let z(r) = r**2 - 32*r + 17. Calculate z(24).
-175
Let p(w) = -4*w - 194. Calculate p(-59).
42
Let a(u) = -1175*u - 9394. What is a(-8)?
6
Let d(h) = -h**3 - 8*h**2 + 38*h - 10. What is d(3)?
5
Let x(o) = 68*o + 1964. Give x(-29).
-8
Let d(m) = -m**3 - 40*m**2 + 62*m + 863. What is d(-41)?
2
Let b(l) = 2*l**2 - 125*l + 183. Give b(61).
0
Let x(l) = -l**3 + 17*l**2 - 12*l. Determine x(5).
240
Let r(q) = -q**3 + 9*q**2 + 16*q - 179. Give r(8).
13
Let p(i) = -28*i**2 - 74*i + 73. What is p(1)?
-29
Let q(l) = l**3 + 21*l**2 + 24*l + 72. Determine q(-20).
-8
Let i(b) = -890*b + 2553. What is i(3)?
-117
Let s(n) = 48*n + 1252. Determine s(-26).
4
Let s(n) = 2*n**3 + 3*n**2 - 2*n - 2. Calculate s(-2).
-2
Let q(x) = -5*x**2 - 85*x - 237. Calculate q(-13).
23
Let x(m) = -2*m**2 + 89*m + 87. Give x(45).
42
Let f(b) = -3*b - 59. Give f(-40).
61
Let t(r) = 228*r - 8445. What is t(37)?
-9
Let d(i) = 6*i**2 + 90*i - 8. Calculate d(-17).
196
Let t(h) = -h**3 - 37*h**2 - 13*h - 499. What is t(-37)?
-18
Let b(l) = -31*l - 618. What is b(-22)?
64
Let u(j) = -2*j**2 + 136*j - 1536. What is u(13)?
-106
Let w(t) = -t**3 + 31*t**2 + 33*t - 144. What is w(32)?
-112
Let l(f) = 715*f - 17893. Calculate l(25).
-18
Let k(x) = 150*x + 27277. What is k(-182)?
-23
Let s(p) = 2*p**3 - 79*p**2 + 36*p + 117. What is s(39)?
0
Let j(k) = -k**3 - 15*k**2 + 45*k + 306. Give j(-18).
468
Let j(x) = -3*x**2 + 25*x + 80. Determine j(13).
-102
Let k(b) = 13*b**3 + 168*b**2 - 17*b - 101. Calculate k(-13).
-49
Let l(h) = 7*h**2 - 370*h - 64. Calculate l(53).
-11
Let b(u) = u**3 + u**2 - 46*u + 140. Give b(3).
38
Let m(r) = -r**2 - 12*r + 56. What is m(-16)?
-8
Let i(f) = 16*f**3 - 36*f**2 + 5*f + 11. Determine i(2).
5
Let f(l) = -l**3 + 18*l**2 + 17*l + 178. What is f(21)?
-788
Let o(v) = 144*v + 2317. Determine o(-16).
13
Let r(p) = p**2 + 24*p + 93. What is r(-11)?
-50
Let j(u) = -u**3 - 10*u**2 + 31*u + 217. Determine j(-11).
-3
Let h(x) = -x**3 - 29*x**2 + 97*x + 64. Give h(-32).
32
Let l(n) = -12*n + 176. Give l(16).
-16
Let d(c) = -54*c**3 + 28*c + 27. Give d(-1).
53
Let i(d) = -10*d + 385. What is i(-8)?
465
Let d(h) = 7*h**3 - h**2 + h + 9. Give d(3).
192
Let x(n) = -6*n**3 + 711*n**2 + 354*n + 407. What is x(119)?
50
Let j(n) = n**2 + 1766*n - 7046. What is j(4)?
34
Let a(q) = -q**2 - 12*q - 32. What is a(-5)?
3
Let f(u) = -u**2 - 67*u - 609. Determine f(-13).
93
Let a(o) = 14*o - 35. Calculate a(17).
203
Let y(p) = p**3 - 33*p**2 + 67*p - 150. Calculate y(31).
5
Let i(c) = -34*c**2 - 4048*c - 244. What is i(-119)?
-6
Let a(w) = w**2 - 98*w + 868. What is a(10)?
-12
Let n(o) = -2*o**3 - 28*o**2 - 15*o + 45. Calculate n(-13).
-98
Let o(l) = l**3 - 8*l**2 - 139*l + 1182. What is o(11)?
16
Let q(w) = -4*w**3 + w**2 + 11*w - 20. Give q(2).
-26
Let f(s) = s**2 - 27*s - 230. What is f(38)?
188
Let c(q) = -q**3 + 5*q**2 - 139*q + 560. Determine c(4).
20
Let v(j) = -245*j + 25699. Give v(105).
-26
Let h(j) = -9*j**3 + 294*j**2 + 48*j + 1679. Calculate h(33).
-4
Let m(d) = 180*d - 1267. Calculate m(7).
-7
Let i(n) = -37*n - 2987. Give i(-81).
10
Let o(n) = 3*n**3 + 14*n**2 - 14. Calculate o(-5).
-39
Let c(j) = -453*j - 9069. What is c(-20)?
-9
Let z(f) = 15*f - 227. Give z(16).
13
Let h(j) = -1373*j**3 - 2*j**2 + 44*j + 46. Determine h(-1).
1373
Let a(g) = g**3 - 9*g**2 - 6*g + 12. Determine a(7).
-128
Let f(o) = -93*o + 567. Calculate f(9).
-270
Let w(k) = -k**2 + 488*k - 2433. Calculate w(5).
-18
Let n(v) = -v**2 + 9*v - 48. Determine n(8).
-40
Let b(z) = -z**3 - 76*z**2 + 1583*z + 192. What is b(-93)?
6
Let m(f) = -f**2 - 71*f + 5220. Give m(45).
0
Let b(f) = 2*f**2 - 30*f + 81. Determine b(4).
-7
Let a(w) = w**2 - 6*w + 40. Determine a(6).
40
Let b(o) = -o**3 - 167*o**2 - 6735*o - 289. Calculate b(-99).
8
Let c(p) = 2*p**3 + 30*p**2 - 106*p + 36. Give c(-18).
0
Let g(r) = r**2 - 344*r + 18571. Calculate g(67).
12
Let r(d) = -62*d + 454. Determine r(7).
20
Let m(n) = -259*n**3 - 3*n**2 - n. What is m(-1)?
257
Let i(g) = -10*g - 107. Calculate i(-11).
3
Let t(i) = 25*i**3 - 1576*i**2 + 74*i - 693. Give t(63).
0
Let o(w) = -1990*w + 119399. Calculate o(60).
-1
Let z(r) = -r**2 + 13*r + 440. Determine z(-16).
-24
Let g(a) = -a**3 - 2*a**2 + 69*a + 314. What is g(-7)?
76
Let u(r) = -r**3 + 3*r**2 - 8*r + 14. Determine u(3).
-10
Let k(i) = i**3 - 129*i**2 - 819*i + 1243. Calculate k(135).
28
Let j(d) = d**3 - 8*d**2 - 8*d. What is j(-7)?
-679
Let k(a) = -a**2 - 9*a + 126. Give k(5).
56
Let q(a) = 2*a**2 + 27*a - 44. Calculate q(-13).
-57
Let a(s) = -22*s**2 - 67*s - 66. Give a(-1).
-21
Let r(o) = o**2 + 33*o - 14. What is r(-34)?
20
Let z(q) = q**2 - 103*q - 320. Determine z(-3).
-2
Let z(y) = y**2 - 403*y - 44961. Calculate z(494).
-7
Let o(d) = -26*d**2 - 8*d - 1. What is o(7)?
-1331
Let k(z) = z**3 - 37*z**2 - 72*z - 236. Calculate k(39).
-2
Let n(u) = -5*u - 59. Determine n(-22).
51
Let f(q) = -2*q**2 + 440. Determine f(-15).
-10
Let f(c) = -c**3 + 27*c - 47. Calculate f(4).
-3
Let a(w) = w**2 + 184*w + 8435. Determine a(-87).
-4
Let m(v) = 2*v**3 - 278*v**2 - 575*v + 1514. Determine m(141).
-37
Let y(r) = r**3 - 5*r**2 - 289*r + 1702. What is y(6)?
4
Let b(m) = m**3 - 62*m + 5. What is b(7)?
-86
Let u(h) = 3*h**2 - 200*h + 3303. Give u(32).
-25
Let f(o) = -o**2 + 9*o + 127. Determine f(0).
127
Let n(c) = c**3 + 20*c**2 - 155*c + 32. Calculate n(-26).
6
Let i(z) = 525*z - 3669. Determine i(7).
6
Let q(v) = 5*v**2 - 27*v + 1. Calculate q(3).
-35
Let z(m) = -m**2 - 41*m - 270. Determine z(-33)